
List the prime factors of (-3 - -4)/((-1)/(-5)).
5
Let y = 31 - 16. List the prime factors of y.
3, 5
Suppose v = -3*k + 18, k = 2*v + 5 + 1. Suppose k = 2*j + j. List the prime factors of j.
2
Let b = 17 + 11. Let u = -17 + b. List the prime factors of u.
11
Let a(z) = -2*z. Let t be a(1). Let j be t*(1 - 2)*1. Let x = j - -1. What are the prime factors of x?
3
Suppose y - 4*y = 3. What are the prime factors of (4 - -2) + 1/y?
5
Suppose 0 = -5*w - 2*b - 3*b, -w + 3*b = 8. Let t be 1/(0 - (-2)/6). What are the prime factors of (-5 - -3)/(w/t)?
3
Let u = 121 - 53. List the prime factors of u.
2, 17
Let d(o) = -3*o**2 - o**3 - 6*o**2 - o**2 - 13 - 5*o**2 - 2*o. What are the prime factors of d(-15)?
17
Let j = 193 + -96. What are the prime factors of j?
97
Let g = -20 + 394. What are the prime factors of g?
2, 11, 17
Let t be ((-2)/(-6))/(1/6). Suppose -t*a - 2*a + 16 = 0. Suppose -5*v = 2*q - 45, v = 3*v + a*q - 2. List the prime factors of v.
11
Suppose -4*y - 3*b + 6*b + 36 = 0, b = 5*y - 34. Suppose -m - 2 = y. List the prime factors of (-6)/24 + (-50)/m.
2, 3
Let h(d) = 7*d**3 + d - 3. What are the prime factors of h(2)?
5, 11
Suppose -5*p - 319 + 1009 = 0. List the prime factors of p.
2, 3, 23
Let h(f) = 14*f + 3. Let s be h(3). Suppose 0 = -4*z + 3*w + s, 2*z + 57 = 7*z - 4*w. What are the prime factors of z?
3
List the prime factors of (-152)/(-4)*(-26)/(-4).
13, 19
Suppose -9 + 3 = -3*z. Suppose -5*g = -0*r + r + 10, r + 1 = -z*g. What are the prime factors of r?
5
What are the prime factors of (1 + 6/(-9))/(1/87)?
29
Suppose -5 = -t + 19. Suppose -2*i - 6 = 4*y - 36, 5*y - t = 2*i. List the prime factors of (4/y)/((-4)/(-30)).
5
Let t(d) = 2*d**2 - 20*d + 8. What are the prime factors of t(-6)?
2, 5
Suppose -5*w = 6 - 21. Suppose 0 = w*c - 4*h - 128, 4*c = c + 5*h + 124. Suppose c = 5*v + p, -2*p + 4 = v - 2. List the prime factors of v.
2, 5
Suppose 4*f + 2*b = 48, -4 = 5*b - 3*b. List the prime factors of f.
13
List the prime factors of 574/21 + (-1 - 20/(-12)).
2, 7
Suppose -2*a = a - 36. Let g(k) = -k + 8. Let x be g(6). Suppose 0*z + x*z = a. What are the prime factors of z?
2, 3
Let s = -16 - -81. List the prime factors of s.
5, 13
Suppose -5*r = -2*a - 30, -2*r - a + 12 = 3*a. Suppose 0 = -6*h + 7*h - r. List the prime factors of h.
2, 3
Let z(k) = -18*k + 36. Let s(w) = 1. Let o(x) = -36*s(x) + z(x). What are the prime factors of o(-1)?
2, 3
Let n = 19 + -1. Suppose y = 5*l - n + 1, -3 = -y. Suppose -l*k + 10 + 22 = 0. What are the prime factors of k?
2
Let m be 6/4 - 7/2. Let s(u) = 13*u - 7. Let f(x) = 12*x - 6. Let k(v) = -6*f(v) + 5*s(v). What are the prime factors of k(m)?
3, 5
Suppose 0*f + f + 26 = 5*a, 0 = -4*f + 5*a - 29. List the prime factors of (f + (-1 - 1))*-6.
2, 3
Suppose -2*s = 5*h + 25, -3*h - 6*s - 15 = -s. Let u be (8 + 1)/(h/25). Let x = 63 + u. What are the prime factors of x?
2, 3
Suppose 3*j - 43 = -3*y + j, j = -1. Suppose 0 = -3*i + 7*i - 12. Let r = i + y. List the prime factors of r.
2, 3
Suppose -3*k = -128 - 70. List the prime factors of k.
2, 3, 11
Suppose -3*z = -0*z - 204. What are the prime factors of z?
2, 17
Suppose -3*p = -p - 10, p = 3*u - 235. What are the prime factors of u?
2, 5
Suppose -5*h + d - 5*d = -45, 2*h - 51 = 5*d. What are the prime factors of h?
13
Suppose -3*q + q + 6 = 0. Suppose -3*y = q + 3, -5*x + 75 = 5*y. What are the prime factors of x?
17
Let w(z) be the third derivative of 0*z + 1/24*z**4 + 0 + 2/3*z**3 - z**2. What are the prime factors of w(4)?
2
Suppose -4*u - 10 = 2*l - 0*l, 5*u - 3*l + 18 = 0. List the prime factors of (u - (-63)/6)*2.
3, 5
Let d(f) = -2*f + 4. What are the prime factors of d(0)?
2
Let y(n) = n**3 - 7*n**2 - 7*n - 8. Let b be y(8). Let u = b - -4. What are the prime factors of u?
2
Suppose v = 34 + 38. What are the prime factors of v?
2, 3
Suppose 3*c - 113 = 313. Suppose y - 432 = -c. List the prime factors of y/14 - (-2)/7.
3, 7
Let x(z) be the second derivative of z**4/12 + z**3/6 + 10*z**2 - 4*z. What are the prime factors of x(0)?
2, 5
Let i be -1 + 1 + (-2)/(-1). Let m = 2 + i. Suppose m*t - 14 - 6 = 0. What are the prime factors of t?
5
Let s(g) be the first derivative of -3*g**2/2 + 11*g + 8. List the prime factors of s(-5).
2, 13
Suppose 4*y - 5*o + 1 = -2, -4*o = -4*y. Suppose -b = y*b - 28. List the prime factors of 2*(-2)/(-4) + b.
2
Let t = -1 + 0. Suppose 4*s - s = 2*d - 5, 4*d = -4*s. What are the prime factors of t/(s/6) - -2?
2
Let i = 66 + -9. What are the prime factors of i?
3, 19
Let s = 283 - 55. List the prime factors of s.
2, 3, 19
Let d(b) = b - 1. Let y be d(-5). Let m = -5 - y. Suppose 7 = 4*w - m. What are the prime factors of w?
2
Let o(h) = -10*h + 8. What are the prime factors of o(-11)?
2, 59
Let h = 18 - 12. Let g = h - -6. List the prime factors of g.
2, 3
Let d = -3 - -18. Let u = 28 - d. What are the prime factors of u?
13
Let m(k) = k**2 - 5*k - 2. Let p be m(6). Suppose l - p*z = 5*l + 40, 4*l + 34 = 2*z. What are the prime factors of ((-18)/(-5))/(l/(-30))?
2, 3
Let n(a) = a**2 - 2*a - 2. Let c be n(-2). Let b be 14/(-6) - c/9. List the prime factors of 1*(6/b)/(-1).
2
Suppose 3*p + 2*d = 8, -5*p + 0*d - 2*d = -12. List the prime factors of (p - -5) + (-8)/4.
5
List the prime factors of -6*(-66)/(-24)*(-34)/3.
11, 17
Suppose -413 = -9*g + 73. List the prime factors of g.
2, 3
Suppose 0 = 2*y + 4 + 10. Let j be (-5)/y - 4/(-14). What are the prime factors of 2 - (j + (-20)/2)?
11
Suppose -3*t + 27 = -60. Let q be t + -1 - 2*-1. Suppose 4*u + 3*l - 4 - 20 = 0, 5*u = -3*l + q. What are the prime factors of u?
2, 3
Suppose 3*t = 2*t + 1. Suppose 2*y - t - 29 = 0. What are the prime factors of y?
3, 5
Suppose -i - 4*a + 217 = -2*a, -4*i + 3*a = -868. List the prime factors of i.
7, 31
Let p(m) = -3*m - 3. Let c be p(-11). Suppose -24 = -2*d + c. What are the prime factors of d?
3
Let h = 17 - 55. Let n = -25 - h. List the prime factors of n.
13
Let c be 57*(15/(-9))/(-5). Let l be (-1 - -4) + -1 + c. Suppose -3*n + l = p, -4*p = -5*n - 2*p + 24. List the prime factors of n.
2, 3
Suppose 57*m = 53*m + 40. List the prime factors of m.
2, 5
Let c(t) = 5*t. Let i be c(-2). Let s = -3 - i. Suppose -3*m = 2*h - s, 2*h - 5*h - 17 = -m. What are the prime factors of m?
5
Suppose -r + 5 = 3. Let b = 3 + r. List the prime factors of b.
5
Let z(s) = 2*s**2 - 2*s - 3. Suppose -2 - 2 = -w. What are the prime factors of z(w)?
3, 7
Let j be (-78)/(-18) + 4/6. Suppose -5*k - 4*n + 144 = 24, -4*k - j*n + 87 = 0. Suppose 0*c = c + 3*s + 6, 2*c = 2*s + k. What are the prime factors of c?
3
Suppose 4*l = 4, b - 5*l = 4*b - 41. List the prime factors of b.
2, 3
Let k = -8 - -8. Let r(z) = z**2 - 5*z - 3. Let q be r(6). Let a = k + q. List the prime factors of a.
3
Let k(o) = o**2 + 0*o**2 + 20 - o + 0*o**2. List the prime factors of k(0).
2, 5
Suppose 5*d - 4 = 6. Suppose d*u + 3*n - 28 = 11, -4*u + 63 = 3*n. What are the prime factors of u?
2, 3
Suppose 84 = 4*a - 0*a. List the prime factors of a.
3, 7
Let a(j) = j**3 + 4*j**2 + 1. What are the prime factors of a(3)?
2
Let j = -73 + 102. Let g = j + -14. List the prime factors of g.
3, 5
List the prime factors of -4 - 122/4*-2.
3, 19
Suppose h = 5*i - h - 214, 4 = -2*h. What are the prime factors of i?
2, 3, 7
Let b(v) = 9*v. Let s be b(2). Let a be 32/18 - (-4)/s. Suppose 7*n = a*n + 65. List the prime factors of n.
13
Suppose -5 - 6 = -4*a - i, -5*a + 2*i + 17 = 0. Suppose 0 = -5*b + 2*w + 35, 0 = -a*b + 3*w + 30 - 0. List the prime factors of b.
5
Let w(s) = s**3 - 4*s**2 - 3*s - 5. Let h(m) be the first derivative of -m**2 - m + 3. Let k be h(-3). What are the prime factors of w(k)?
5
Let g = 10 + -20. What are the prime factors of ((-16)/g)/(6/15)?
2
Let n be (-2 - 1)/(7/(-189)). Let s = n - 31. List the prime factors of s.
2, 5
Suppose -5*t - c = -29, -6*t + t + 4*c + 9 = 0. Suppose -t*x = -x. Suppose x + 6 = r. What are the prime factors of r?
2, 3
Let b(r) = r**2 + 2*r + 3. What are the prime factors of b(-6)?
3
Let p(u) = -u**3 - 6*u**2 - 3*u - 7. Let h be p(-5). What are the prime factors of 2*h*(-3)/6?
17
Let x(f) = 2*f + 6. Let l be x(-5). Let v be 4/16 - 15/l. What are the prime factors of (-88)/(-6) - v/6?
2, 7
Suppose 5*k - 3*n - 677 = -0*n, 0 = 2*k - 4*n - 268. 